 + -75 + -1?
-46
Evaluate -18 + (-1 + 12 - -3) - (0 - -1).
-5
(18 - (25 + 38)) + 26 - 11
-30
Calculate (42 - -25) + -12 + 20 + -24.
51
What is -106 + 79 + -15 + 2 + 4 + 0?
-36
Calculate 54 + (110 - 236) + (-5 - (3 - 6)) + 10.
-64
Calculate 38 + 5 + -2 - (113 - 127 - (-4 + 0)).
51
What is 59 - (-66 - (-57 + 25))?
93
What is (3545 - 3733) + 104 + 1?
-83
What is the value of -10 + 1 - ((-17 - (11 + 11)) + -18)?
48
What is (33 - 3) + (33 - -49 - 47)?
65
What is the value of 3 + -48 - (2397 + -2367)?
-75
Evaluate (-30 + -30 + 23 - -74) + -36.
1
Calculate (22 - -73) + -23 - (-17 - (5 - 8)) - -9.
95
Evaluate (-90 - -6 - -152) + (1 - 20 - -1).
50
-1 + -60 - ((118 - -40) + -143)
-76
What is the value of 92 + -3 + 2 + (2 - (16 + -16 - -13))?
80
Evaluate (-3 - (40 - (5 + 26))) + 24 + -2.
10
Calculate -1 + 51 + (-13 - 0) + (277 + -176 - 84).
54
Calculate -77 + (109 + -99 - -44).
-23
Calculate -35 - -27 - ((32 - 11) + -7).
-22
((-1 - 3 - -4) + 2 - (-8 + 16)) + -26
-32
What is the value of -110 - (-15 - ((150 - 135) + -16 + 2))?
-94
4 - ((-4 - 1) + -4 + 9 + -2)
6
Evaluate (-36 - 4) + (78 - -1) + -7.
32
What is the value of 5 + 0 + -4 - -26 - (-3 - (-12 - -4))?
22
-11 + -20 - (117 - 197)
49
Evaluate -42 - (-21 + 16 + -52 + -38).
53
What is 9 + 0 + (-31 - 0) + -18?
-40
What is the value of 1100 - 1063 - (105 - 1)?
-67
What is the value of 113 + (-116 - 24 - -75)?
48
(12 - 1 - 12) + -40 + -2
-43
What is the value of 21 - -2 - (1099 + -1094)?
18
What is (2 + 5 + (-24 - -23) - 7) + -180 + 67?
-114
Calculate 130 - (237 + -137 - 99).
129
What is the value of 20 + (-18 - 26) - -83 - -31?
90
-19 - ((-73 + 12 - 3) + 4)
41
Calculate (-78 - (-44 - -64)) + 47.
-51
What is (2 - 4) + -3 - (35 + (0 - (5 + 20)))?
-15
What is the value of (20 - (4 - (3 - -7))) + -103?
-77
What is the value of -1094 + 1021 + (125 - 0)?
52
(17 - -4) + (-12 + -23 - -7)
-7
What is (-40 - -26) + -45 + 97?
38
What is 25 - ((-34 - -7) + 138)?
-86
9 + (33 + -21 - -11) + 8 + -10
30
Evaluate (21 + -58 - -35) + (-4 - 0).
-6
What is 154 + -162 + -2 + (0 - 25)?
-35
Evaluate 13 + (1 - (2 - -29)).
-17
What is -8 - 19 - (17 - (-28 + 145))?
73
What is the value of (6537 - 6575) + 131 + 1?
94
What is the value of 14 + (35 - 50) + -4 + -1 - 1?
-7
Evaluate (80 - 259) + 81 + 47.
-51
(-103 - -62) + 49 - -79
87
Evaluate (-18 + 1 - -15 - -11) + 14 + -4 + 0.
19
Evaluate 17 - (83 - (-13 - (4 + -14 + 10))).
-79
Evaluate (-89 + 161 - (-25 - -128)) + 9 + 1.
-21
What is the value of 63 + 22 + (20 - 33) + 9?
81
Evaluate 1 + -7 - (-94 - -98) - (-53 + -2 + 2).
43
Calculate 2 + 25 + 31 - (19 + 7).
32
(109334 - 109296) + (-9 - (3 - 1))
27
What is (0 + 78 - (19 + -7 + -22)) + -18?
70
What is the value of (1 - 7) + 27 + -23 + 0 + 1 + -12?
-13
Evaluate 1 + -4 - (-26 - 55) - (-2 + 9 - 5).
76
What is the value of (-17 - (-16 + -14)) + -21 + (-2 - -5 - -38)?
33
What is the value of -121 + 124 + -18 - 33?
-48
What is (1 - -1) + (7 - -6) + (34 - 45)?
4
Calculate (43 - (70 - 37)) + 1.
11
What is -19 - 1 - ((-43 - -13) + 17) - (51 + 2)?
-60
(126 - (92 - -75)) + (38 - -2)
-1
Evaluate 54 - (33 - (-10 - (-52 + 16))).
47
What is the value of 15 - (84 - (199 - 77))?
53
(2 - (-4 + 0)) + 363 + -348 - 8
13
Evaluate -7 + (-16 - -3 - ((6 - -4) + -100)).
70
What is the value of (-7 - (-12 - (-34 + 22))) + 6?
-1
What is the value of 4 + 10 - (-52 - -51)?
15
What is 2 + 30 + 7 + 11 + 3?
53
What is the value of -40796 + 40769 + 1 + 0 + -2?
-28
What is (-16 - 3) + (-16 - (-101 - 27)) + -9?
84
Evaluate -52 + (363 + -378 - (4 - (9 - 5) - 10)).
-57
Evaluate 204 + -207 - (3 + -4 - 67 - (-7 + 3)).
61
Evaluate (-2 - 73) + 370 + -373 - -36.
-42
Calculate 66 + (7 + -21 + 17 - (7 - 0)) + -2.
60
Calculate (1382 - 1393) + 1 + 16 + -2 + -6.
-2
What is the value of 0 - 1 - 8 - (-1698 - -1753 - (81 + 3))?
20
Calculate 59 + -50 + 38 + 22.
69
What is the value of 142 + -53 + (-55 - -38)?
72
5 + -3 + 3 - (-18 + -20)
43
Calculate 104 + -90 + (11 - -2 - 5).
22
Evaluate -27 + 91 + 6 + (-15 - -18) + -14.
59
What is (16 - (21 + (-4 + 13 - -7))) + (-1 - -11)?
-11
Calculate -20 + (-32 + 49 - 3) + -7 + 68.
55
What is -103 + (-1 + 37 - -34) - (15 + (-1 - 0))?
-47
What is the value of -342 + 332 - ((-19 + 13 - -52) + (0 - -3))?
-59
Evaluate 63 - ((-12 - -81) + 95).
-101
What is -96 + -11 + (20 - (33 - 21) - 15)?
-114
What is the value of -5 + (-46 - 8) + -60 + 3 + 36?
-80
What is the value of (69 - 31) + (-16 + 74 - 24)?
72
Calculate 0 + -18 + (-19 + 12 - -1).
-24
Calculate 71 - (-2 - (-15 + 0 - (-12 + (6 - -2)))).
62
What is the value of 85 - (58 - (35 - -14))?
76
-67 + -2 + 5253 + -5273
-89
What is the value of 50 + (-14 - (-17 - -9) - -7) + 14?
65
Calculate -12 - (34 - (-1 + 0) - (1029 - 1031)).
-49
What is (1 - 12) + (0 - 8 - (-1739 + 1821))?
-101
-9 - -7 - (23 - -21) - (1 + 2 + -1)
-48
Calculate (2167 - 2174) + (1 + 109 - (-4 + 1)).
106
What is the value of 9083 + -9044 - (57 - 2)?
-16
(-2 + 7 - (-19 + -38 + 60)) + 0 + -1
1
Evaluate -1776 - -1820 - (-26 - -3).
67
Calculate -3 + -18 + 1 + 30 - 13.
-3
What is the value of -26 - (-124 + (-69 - -121))?
46
Calculate 10 - (-12 + (8 - 2)) - 4 - 2.
10
(-9 - 51 - (-40 - -2)) + -1 + 164
141
What is (-86 - -4) + (1 - (29 - 11) - -13)?
-86
What is the value of (-16 - (-17 - 12)) + -27 - (2 + -10)?
-6
Evaluate 5 + -3 + -16 + 7 - 28.
-35
(664 - 717 - (-3 + -1 + -2)) + 7
-40
Calculate (97 - 92) + -8 + 0 + -2 - -7.
2
What is 1 - (2 + 17) - 4 - -22?
0
What is -16 + 24 + 21 + -45?
-16
Evaluate -28 + -11 + -1 + 8 + -8 + 5 + 1.
-34
(36 + -37 - (-1 + 7 + -65 + 62)) + 8
4
What is the value of (-2 - -2 - 0 - 21) + -92 + (98 - -5)?
-10
-22 - (1 - 53 - (-1110 + 1118))
38
What is 6 + -7 + -8 + -5 + 69?
55
Calculate 11 + -1 + -3 - (4 - 10) - 23.
-10
What is the value of 160 + -4 - 216 - (2 + 0 + -11)?
-51
Evaluate 61 + 14 + -13 + -19 + (-18 - -21).
46
Calculate 417 - 197 - 211 - (-1 - 42 - -2).
50
-37 + -2 - ((13 - (4 - -13 - 14)) + -10)
-39
-28 - (-3 + 0 + -29)
4
Evaluate 845 - (263 - -703) - ((-9 - 1) + -1).
-110
What is 7 - (0 + (1 - 3) + 39 + -29)?
-1
(-81 - (6 + -29)) + -40 + 36
-62
What is the value of 16 - -7 - 9 - ((-32 - 5) + 16)?
35
4 + 13 - (77 + (-90 - 1))
31
What is -8 + (-13 - -22) - 4 - (2 + 5) - -55?
45
Evaluate -3 + 1 + 1400 + -1373 + -30.
-5
What is the value of -126 - (0 + -29 + 22 + (-9 - -14 - 13))?
-111
What is -20 - -1 - (-119 - (-3 - -30 - 14))?
113
(1 - 116) + 1120 + -1069
-64
Calculate -84 + (-8 - -14 - (-5 + 4) - (-9 - -3)).
-71
Calculate -33 + 44 + -27 + -15 - -50.
19
What is the value of -109 + 116 - ((4 - (-2 - -2)) + 57) - -5?
-49
Evaluate 13 - 28 - -60 - (-53 + 48).
50
Evaluate (3 + 3 - 49 - 3) + (-111 - -107).
-50
50 + 3 - (1 + 9 - (-5 + 12 + 5))
55
What is -8 + -4 + 5 + -9 + 6?
-10
(26 - -46 - 84) + -22
-34
Calculate (1 - -21) + (-119 - 6) + 4.
-99
What is the value of (35 - -1) + (15 + (-22 - -18) - 21 - -2)?
28
Calculate (51 + -11 - 26) + -16 - (0 + 82).
-84
Evaluate 18 - ((-23 - -6) + (-30 - -19)).
46
-22 + 67 + (10 - -7) + 5 + -7
60
What is 11 + (-75 - (-39 - (0 + -30)))?
-55
Evaluate -14 + 64 + 132 + -170.
12
What is 12 - ((-748 - -827) + (1 + -5 - -5))?
-68
What is ((14 - (-3 + 0)) + -21 - (37 - -1)) + -3?
-45
What is (-31 - 1) + 42 + 44?
54
16 - (-3 + 6 + -22) - -8
43
What is (-9 - -1) + 29 + (31 - 32) + -35?
-15
What is -6 - -62 - 82 - -40?
14
What is -64 + 8 - -119 - 49?
14
What is the value of -38 + 68 + -35 + -28?
-33
What is the value of -52 - (6 + -40 + -30)?
12
What is 4 + -7 + 24 + -14 + -75 + 6?
-62
Calculate (-13 + (-19 - 11) - -12) + 109.
78
What is the value of 4 + 68 + (-28 - (-21 - (-11 - -9)))?
63
What is the value of 19 - (4 - -15 - (2 + -18))?
-16
What is the value of (-5 - 67) + (-186 - -213)?
-45
What is (-32 - (-25 - -23)) + (6 - -44)?
20
What is the value of 26 + 5 + -11 + (6 + -2 - 19)?
5
Evaluate (-1 - 2) + (-31 - -58 - 28 - (-4 - -25)).
-25
Evaluate (-56 - 26) + 12 + 1 - -22.
-47
(10 + -10 + 9 - (0 - 0 - -3)) + 58
64
Calculate -2437 + 2466 + -2 + -64.
-37
What is the value of -3 + 4 + 36 + (-3 - -11) + -8?
37
What is -1866 + 1865 - (14 + (0 + 0 - 0))?
-15
What is the value of -75 - (-58 + (-56 - -83))?
-44
What is the value of ((-11 - -46) + -20 - 8) + 4?
11
0 - 3 - (83 - 9) - -18
-59
What is 36 - 19 - 48 - -1 - -17?
-13
Calculate (-6 - (-4 - (-23 - -12 - -13))) + -1.
-1
What is 